{"id":201,"date":"2026-03-10T20:50:37","date_gmt":"2026-03-10T20:50:37","guid":{"rendered":"https:\/\/z28.space\/?page_id=201"},"modified":"2026-05-11T13:13:13","modified_gmt":"2026-05-11T13:13:13","slug":"about","status":"publish","type":"page","link":"https:\/\/z28.space\/?page_id=201","title":{"rendered":"About"},"content":{"rendered":"\t\t<div data-elementor-type=\"wp-page\" data-elementor-id=\"201\" class=\"elementor elementor-201\" data-elementor-post-type=\"page\">\n\t\t\t\t<div class=\"elementor-element elementor-element-0b4b6f1 e-flex e-con-boxed e-con e-parent\" data-id=\"0b4b6f1\" data-element_type=\"container\" data-e-type=\"container\">\n\t\t\t\t\t<div class=\"e-con-inner\">\n\t\t\t\t<div class=\"elementor-element elementor-element-e209a7f elementor-widget elementor-widget-heading\" data-id=\"e209a7f\" data-element_type=\"widget\" data-e-type=\"widget\" data-widget_type=\"heading.default\">\n\t\t\t\t\t<h2 class=\"elementor-heading-title elementor-size-default\">Wer sind wir? Und warum machen wir das?<\/h2>\t\t\t\t<\/div>\n\t\t\t\t\t<\/div>\n\t\t\t\t<\/div>\n\t\t<div class=\"elementor-element elementor-element-a54b790 e-con-full e-flex e-con e-parent\" data-id=\"a54b790\" data-element_type=\"container\" data-e-type=\"container\">\n\t\t<div class=\"elementor-element elementor-element-5291ad7 e-con-full e-flex e-con e-child\" data-id=\"5291ad7\" data-element_type=\"container\" data-e-type=\"container\">\n\t\t\t\t<div class=\"elementor-element elementor-element-6ec8827 elementor-widget elementor-widget-image\" data-id=\"6ec8827\" data-element_type=\"widget\" data-e-type=\"widget\" data-widget_type=\"image.default\">\n\t\t\t\t\t\t\t\t\t\t\t\t\t\t\t<img fetchpriority=\"high\" decoding=\"async\" width=\"768\" height=\"1024\" src=\"https:\/\/z28.space\/wp-content\/uploads\/2026\/03\/IMG_5430-768x1024.jpg\" class=\"attachment-medium_large size-medium_large wp-image-411\" alt=\"Franziska Sch\u00fcller und Klaus Sch\u00fcller\" srcset=\"https:\/\/z28.space\/wp-content\/uploads\/2026\/03\/IMG_5430-768x1024.jpg 768w, https:\/\/z28.space\/wp-content\/uploads\/2026\/03\/IMG_5430-225x300.jpg 225w, https:\/\/z28.space\/wp-content\/uploads\/2026\/03\/IMG_5430-1152x1536.jpg 1152w, https:\/\/z28.space\/wp-content\/uploads\/2026\/03\/IMG_5430-1536x2048.jpg 1536w, https:\/\/z28.space\/wp-content\/uploads\/2026\/03\/IMG_5430-scaled.jpg 1920w\" sizes=\"(max-width: 768px) 100vw, 768px\" \/>\t\t\t\t\t\t\t\t\t\t\t\t\t\t\t<\/div>\n\t\t\t\t<\/div>\n\t\t<div class=\"elementor-element elementor-element-b0323bf e-con-full e-flex e-con e-child\" data-id=\"b0323bf\" data-element_type=\"container\" data-e-type=\"container\">\n\t\t\t\t<div class=\"elementor-element elementor-element-5af056c elementor-widget elementor-widget-text-editor\" data-id=\"5af056c\" data-element_type=\"widget\" data-e-type=\"widget\" data-widget_type=\"text-editor.default\">\n\t\t\t\t\t\t\t\t\t<p>Ganz bald steht hier noch mehr, da wir uns noch im Aufbau befinden. Aber soviel gibt es schonmal \u00fcber uns:\u00a0<\/p><p>Wir sind Franzi und Klaus. Das zimmer acht &amp; zwanzig etwas, das wir so, oder so \u00e4hnlich, schon immer machen wollten. Einen Raum schaffen, der f\u00fcr alle etwas zu bieten hat. Der aber vorallem unser beider Leidenschaften nach Gro\u00df-Umstadt bringt, dahin wo wir mit unseren beiden Kindern leben und auch selbst aufgewachsen sind. Die gro\u00dfe weite Welt zu uns holen; die Kunst, die Musik \u2013 die Ideen und Projekte die uns inspirieren in S\u00fcdhessen erlebbar machen.\u00a0<\/p>\t\t\t\t\t\t\t\t<\/div>\n\t\t\t\t<\/div>\n\t\t\t\t<\/div>\n\t\t\t\t<\/div>\n\t\t","protected":false},"excerpt":{"rendered":"<p>Wer sind wir? Und warum machen wir das? Ganz bald steht hier noch mehr, da wir uns noch im Aufbau befinden. Aber soviel gibt es schonmal \u00fcber uns:\u00a0 Wir sind Franzi und Klaus. Das zimmer acht &amp; zwanzig etwas, das wir so, oder so \u00e4hnlich, schon immer machen wollten. Einen Raum schaffen, der f\u00fcr alle [&hellip;]<\/p>\n","protected":false},"author":2,"featured_media":0,"parent":0,"menu_order":0,"comment_status":"closed","ping_status":"closed","template":"","meta":{"footnotes":""},"class_list":["post-201","page","type-page","status-publish","hentry"],"_links":{"self":[{"href":"https:\/\/z28.space\/index.php?rest_route=\/wp\/v2\/pages\/201","targetHints":{"allow":["GET"]}}],"collection":[{"href":"https:\/\/z28.space\/index.php?rest_route=\/wp\/v2\/pages"}],"about":[{"href":"https:\/\/z28.space\/index.php?rest_route=\/wp\/v2\/types\/page"}],"author":[{"embeddable":true,"href":"https:\/\/z28.space\/index.php?rest_route=\/wp\/v2\/users\/2"}],"replies":[{"embeddable":true,"href":"https:\/\/z28.space\/index.php?rest_route=%2Fwp%2Fv2%2Fcomments&post=201"}],"version-history":[{"count":43,"href":"https:\/\/z28.space\/index.php?rest_route=\/wp\/v2\/pages\/201\/revisions"}],"predecessor-version":[{"id":709,"href":"https:\/\/z28.space\/index.php?rest_route=\/wp\/v2\/pages\/201\/revisions\/709"}],"wp:attachment":[{"href":"https:\/\/z28.space\/index.php?rest_route=%2Fwp%2Fv2%2Fmedia&parent=201"}],"curies":[{"name":"wp","href":"https:\/\/api.w.org\/{rel}","templated":true}]}}